+ 200*y**2 + 1566*y + 9. Calculate l(-9).
-72
Let m(u) = -7*u**3 - 28*u**2 + 8908*u + 44537. Calculate m(-5).
172
Let y(b) = 528*b - 2504. Determine y(5).
136
Let n(c) = -8*c**2 + 210*c + 380. Give n(7).
1458
Let w(r) = -4*r**3 - 841*r**2 - 199*r + 2388. Determine w(-210).
78
Let n(i) = -6712*i - 3389480. Give n(-505).
80
Let q(l) = 2*l**2 - 414*l - 23286. Give q(-46).
-10
Let i(r) = 616*r - 175. Calculate i(0).
-175
Let z(m) = -227*m + 712. Determine z(6).
-650
Let h(k) = -2*k**3 - 64*k**2 + 135*k - 6. Determine h(-34).
28
Let s(c) = -50*c**3 - 900*c**2 + 10*c + 179. What is s(-18)?
-1
Let p(m) = 18195*m + 36581. What is p(-2)?
191
Let o(m) = m**3 - 116*m**2 + 2790*m - 185. Give o(82).
-21
Let l(n) = -84963*n - 679705. Give l(-8).
-1
Let b(n) = -3*n**3 + 7*n**2 - 10209*n + 30628. Calculate b(3).
-17
Let m(f) = 2*f**3 + 318*f**2 - 1311*f + 145. Give m(4).
117
Let g(d) = -3*d**3 + 376*d**2 + 615*d + 2532. Give g(127).
-8
Let n(y) = -y**2 - 1022*y + 11525. Calculate n(11).
162
Let d(w) = 2*w**2 - 791*w - 14129. Calculate d(-17).
-104
Let p(g) = g**3 - 55*g**2 - 545*g + 18223. Calculate p(59).
-8
Let x(h) = -h**3 - 13*h**2 - 200*h - 2297. What is x(-13)?
303
Let k(g) = -463*g + 1840. What is k(4)?
-12
Let i(x) = -x**3 - 25*x**2 - 5*x + 186. Determine i(-3).
3
Let c(f) = 1774*f - 12557. Calculate c(7).
-139
Let h(u) = -9*u**3 - 64*u**2 - 63*u - 434. Give h(-7).
-42
Let y(w) = w**2 - 2455*w + 24446. Calculate y(10).
-4
Let c(i) = i**3 + 1978*i**2 - 156108*i + 304. Give c(76).
0
Let s(j) = 23802*j + 1499567. What is s(-63)?
41
Let h(z) = 76998*z - 5620888. What is h(73)?
-34
Let p(w) = w**2 + 134*w + 4476. Give p(-71).
3
Let c(y) = 448*y**2 - 194*y + 382. Give c(2).
1786
Let d(r) = r**2 - 306*r + 22483. What is d(183)?
-26
Let b(y) = -8327*y - 1898556. What is b(-228)?
0
Let r(x) = 4*x**3 - 22*x**2 - 80*x - 1143. What is r(0)?
-1143
Let z(g) = g**2 + 159*g + 638. What is z(-5)?
-132
Let m(y) = -2*y**2 - 542*y - 35525. Give m(-111).
-5
Let h(t) = -4*t**2 + 15975*t - 95702. What is h(6)?
4
Let l(z) = 682*z**2 - 7*z - 4. What is l(1)?
671
Let t(x) = 4820*x - 2347360. What is t(487)?
-20
Let v(w) = -260*w**2 + 2862*w - 32. What is v(11)?
-10
Let a(g) = g**3 - 188*g**2 - 1173*g + 1206. Give a(194).
-540
Let n(l) = -5*l**2 + 247*l + 204. Calculate n(50).
54
Let n(f) = 2*f**3 + 4*f**2 - 733*f - 5471. What is n(-9)?
-8
Let g(b) = 3*b**2 + 423*b - 3123. Give g(-148).
-15
Let d(t) = -t**2 - 106514*t + 1597940. Calculate d(15).
5
Let s(q) = 2*q**3 - 2*q**2 - 674*q - 1302. Determine s(-2).
22
Let u(p) = 13*p**2 + 2712*p + 1550. What is u(-208)?
-114
Let x(u) = -18*u + 2550. Calculate x(130).
210
Let f(a) = -734601*a - 4407608. Determine f(-6).
-2
Let m(s) = -560*s + 38298. Give m(69).
-342
Let g(v) = v**3 + 697*v**2 - 2072*v - 55. Determine g(3).
29
Let m(h) = 2077*h + 847399. Determine m(-408).
-17
Let k(g) = 79183*g + 237783. Give k(-3).
234
Let i(o) = o**3 - 144*o**2 - 1295*o + 12035. Calculate i(152).
27
Let u(c) = -564*c**2 - 6756*c - 21. Give u(-12).
-165
Let m(g) = -1496*g + 14342. Calculate m(9).
878
Let g(j) = 1540*j**2 - 38504*j + 101. Calculate g(25).
1
Let b(d) = 202*d - 8774. What is b(43)?
-88
Let v(d) = 13*d**2 + 177*d - 29. Give v(-14).
41
Let y(t) = 2*t**3 - 73*t**2 + 47*t + 74. Determine y(36).
470
Let z(n) = 37*n**3 - 10*n**2 + 44*n - 41. Calculate z(2).
303
Let s(b) = 2*b**2 - 26093*b + 208604. Give s(8).
-12
Let k(o) = -o**3 + 126*o**2 + 384*o + 246. Give k(-2).
-10
Let w(h) = -2118*h - 21168. Calculate w(-10).
12
Let v(h) = 9*h**2 + 95*h + 248. What is v(-6)?
2
Let k(z) = 174*z - 7507. What is k(45)?
323
Let v(p) = -463*p - 26321. Give v(-57).
70
Let u(h) = -2368*h - 23671. Give u(-10).
9
Let t(n) = n**2 - 4906*n + 247699. Determine t(51).
94
Let q(s) = -2251*s + 49358. Give q(22).
-164
Let k(n) = 89*n + 9486. Determine k(-110).
-304
Let q(b) = 216*b**3 + 1106*b**2 + 164*b + 3. Calculate q(-5).
-167
Let i(p) = -161*p**2 + 1289*p - 3. Give i(8).
5
Let w(t) = t**3 + 28*t**2 + 149*t + 7. Determine w(-9).
205
Let k(i) = -i**2 + 205*i + 129. Calculate k(-10).
-2021
Let a(r) = -286853*r - 2294816. Give a(-8).
8
Let d(k) = -43*k**3 - 10*k**2 - 40*k - 37. Determine d(-4).
2715
Let a(u) = 7*u**3 - 920*u**2 + 400*u - 908. Calculate a(131).
9
Let s(l) = -8545*l + 136258. Determine s(16).
-462
Let p(n) = -495*n**2 - 1105*n - 26. Calculate p(-2).
204
Let i(d) = -d**3 - 22*d**2 + 1081*d + 514. What is i(24)?
-38
Let j(p) = 2179*p + 19328. Calculate j(-9).
-283
Let j(r) = -32*r**2 - 344*r - 773. Calculate j(-7).
67
Let p(r) = -3602*r + 875287. What is p(243)?
1
Let f(x) = 11698*x + 456224. What is f(-39)?
2
Let g(y) = -144*y**2 + 6056*y - 111. Calculate g(42).
225
Let q(g) = -51*g + 1841. Determine q(-11).
2402
Let v(x) = 3*x**2 - 9*x - 1797. Determine v(22).
-543
Let l(b) = -11648*b + 46586. Give l(4).
-6
Let v(c) = 8*c + 2719. Give v(-134).
1647
Let a(h) = -h**3 + 581*h**2 + 1754*h + 11. What is a(-3)?
5
Let y(r) = -r**3 + 18*r**2 + 1651*r - 26912. Give y(16).
16
Let v(n) = 17049*n + 84706. What is v(-5)?
-539
Let z(v) = v**2 + 49*v + 364. Calculate z(-51).
466
Let s(z) = 3*z**3 + 232*z**2 + 3083*z + 30. Determine s(-17).
-72
Let x(o) = -223694*o - 2684339. What is x(-12)?
-11
Let a(f) = 9*f**3 + 54*f**2 + 147*f + 911. Give a(-6).
29
Let a(r) = -7*r**3 + 100*r**2 - 321*r - 4. Calculate a(5).
16
Let f(t) = 6877*t + 55003. Determine f(-8).
-13
Let h(f) = 3248*f - 224080. What is h(69)?
32
Let k(s) = -s**2 - 839*s - 39525. Give k(-50).
-75
Let f(q) = -775135*q - 39531889. What is f(-51)?
-4
Let l(o) = -o**3 + 17*o**2 + 436*o - 24. Give l(31).
38
Let n(u) = -3*u**3 + 1771*u**2 + 4765*u - 12478. Calculate n(593).
-25
Let f(m) = -m**3 - 14*m**2 - 81*m - 18. Give f(-7).
206
Let t(l) = 52*l**2 + 662*l - 9. Calculate t(0).
-9
Let u(n) = 21575*n + 453066. What is u(-21)?
-9
Let j(v) = -101190*v + 3339265. What is j(33)?
-5
Let b(c) = 32*c - 467. Calculate b(24).
301
Let o(p) = p**2 - 842*p + 78189. Determine o(106).
173
Let r(c) = c**3 - 4*c**2 - 411*c + 3744. Calculate r(11).
70
Let w(k) = 4*k**2 + 8816*k - 44188. What is w(5)?
-8
Let b(m) = 76*m + 7031. What is b(-64)?
2167
Let d(o) = -58073*o - 1219521. Calculate d(-21).
12
Let w(y) = 7175*y + 459196. Calculate w(-64).
-4
Let x(k) = 8*k**3 - 25*k**2 - 7*k + 200. Give x(-3).
-220
Let l(j) = 317*j**2 + 3618*j - 7235. Give l(2).
1269
Let j(k) = k**2 - 205*k - 6006. Give j(-26).
0
Let x(s) = -s**3 + 51*s**2 - 379*s + 3106. Give x(44).
-18
Let m(n) = 15*n**2 + 1898*n + 664. Give m(-127).
1553
Let g(d) = 17851*d - 4909018. Determine g(275).
7
Let i(k) = -449*k + 63732. Calculate i(142).
-26
Let a(m) = 9*m**2 - 637*m + 2468. What is a(4)?
64
Let y(u) = 62657*u - 125312. Give y(2).
2
Let g(q) = 52*q**2 + 71*q - 198. Give g(3).
483
Let q(g) = 3*g**2 - 71*g + 1021. What is q(0)?
1021
Let l(k) = 27258*k + 27249. Calculate l(-1).
-9
Let x(a) = 56*a - 556. Determine x(10).
4
Let z(x) = 9*x**2 + 556*x - 309. Calculate z(-62).
-185
Let u(i) = -1456*i - 6119. Determine u(-5).
1161
Let b(v) = -1516*v - 18793. Calculate b(-8).
-6665
Let j(g) = 533*g**2 - 18613*g - 159. Calculate j(35).
1311
Let x(i) = -16*i**3 - 254*i**2 - 211*i + 64. Give x(-15).
79
Let d(j) = -488*j + 75184. Give d(154).
32
Let f(j) = -j**3 - 6068*j + 18217. Calculate f(3).
-14
Let v(c) = c**3 - 1749*c**2 - 60623*c - 30. What is v(-34)?
4
Let j(y) = -240*y + 505. Give j(4).
-455
Let i(l) = 4*l**3 - 361*l**2 + 82*l - 1438. Determine i(90).
-2158
Let k(m) = m**3 - 320*m**2 - 1642*m + 724392. Give k(318).
-12
Let h(v) = 2607*v**2 - 1058441*v - 391. Determine h(406).
15
Let q(c) = -2*c**3 - 5*c**2 - 10*c - 38. What is q(-3)?
1
Let n(t) = -2*t**2 - 603*t + 16981. Determine n(-328).
-403
Let c(i) = -263*i**2 + 1031*i - 713. Give c(3).
13
Let o(f) = 1571*f + 85027. Give o(-54).
193
Let v(p) = -p**3 + 24*p**2 + 598*p - 14307. Give v(25).
18
Let n(u) = -u**3 + 45*u**2 - 507*u + 564. Give n(27).
-3
Let a(x) = -x**3 + 179*x**2 + 3178*x - 11299. Calculate a(195).
11
Let v(u) = -u**3 - 33*u**2 - 156*u - 52. Calculate v(-28).
396
Let l(m) = 90*m + 1786. Give l(-33).
-1184
Let l(s) = s**2 + 151*s - 6100. Determine l(34).
190
Let v(j) = -j**3 + 354*j**2 + 1788*j + 2572. Calculate v(359).
59
Let h(z) = 460*z + 115447. Give h(-251).
-13
Let y(x) = -72693*x + 726931. Dete